
1
What is the hundreds digit of 5004?
0
What is the units digit of 8596?
6
What is the hundreds digit of 74201?
2
What is the ten thousands digit of 19159?
1
What is the thousands digit of 8489?
8
What is the hundreds digit of 1049?
0
What is the units digit of 5546?
6
What is the tens digit of 555?
5
What is the thousands digit of 6247?
6
What is the tens digit of 400?
0
What is the hundreds digit of 1866?
8
What is the units digit of 2194?
4
What is the hundreds digit of 428?
4
What is the thousands digit of 25290?
5
What is the thousands digit of 50481?
0
What is the units digit of 3835?
5
What is the tens digit of 5891?
9
What is the units digit of 718?
8
What is the units digit of 18544?
4
What is the thousands digit of 1192?
1
What is the ten thousands digit of 24212?
2
What is the thousands digit of 3119?
3
What is the hundreds digit of 790?
7
What is the tens digit of 2004?
0
What is the thousands digit of 6297?
6
What is the hundreds digit of 1927?
9
What is the units digit of 1884?
4
What is the tens digit of 1752?
5
What is the ten thousands digit of 13123?
1
What is the tens digit of 118?
1
What is the hundreds digit of 80060?
0
What is the hundreds digit of 3853?
8
What is the thousands digit of 2364?
2
What is the tens digit of 1045?
4
What is the hundreds digit of 17821?
8
What is the hundreds digit of 1098?
0
What is the hundreds digit of 1566?
5
What is the units digit of 43366?
6
What is the tens digit of 1291?
9
What is the thousands digit of 1373?
1
What is the ten thousands digit of 10075?
1
What is the units digit of 8594?
4
What is the hundreds digit of 5986?
9
What is the units digit of 8103?
3
What is the tens digit of 1419?
1
What is the thousands digit of 29320?
9
What is the tens digit of 13898?
9
What is the tens digit of 985?
8
What is the thousands digit of 6006?
6
What is the hundreds digit of 2139?
1
What is the ten thousands digit of 30674?
3
What is the tens digit of 11051?
5
What is the tens digit of 2210?
1
What is the units digit of 1721?
1
What is the thousands digit of 19900?
9
What is the hundreds digit of 1015?
0
What is the hundreds digit of 14091?
0
What is the hundreds digit of 37059?
0
What is the thousands digit of 9876?
9
What is the tens digit of 8678?
7
What is the units digit of 4717?
7
What is the hundreds digit of 319?
3
What is the tens digit of 17049?
4
What is the ten thousands digit of 30461?
3
What is the hundreds digit of 6986?
9
What is the units digit of 449?
9
What is the units digit of 2462?
2
What is the units digit of 52298?
8
What is the hundreds digit of 8161?
1
What is the units digit of 199?
9
What is the hundreds digit of 490?
4
What is the units digit of 1129?
9
What is the tens digit of 33367?
6
What is the ten thousands digit of 10373?
1
What is the thousands digit of 5530?
5
What is the units digit of 7109?
9
What is the units digit of 4732?
2
What is the units digit of 123?
3
What is the units digit of 70466?
6
What is the hundreds digit of 21929?
9
What is the thousands digit of 3278?
3
What is the thousands digit of 78340?
8
What is the units digit of 403?
3
What is the units digit of 455?
5
What is the tens digit of 968?
6
What is the tens digit of 2569?
6
What is the hundreds digit of 4073?
0
What is the thousands digit of 3143?
3
What is the thousands digit of 5630?
5
What is the hundreds digit of 11083?
0
What is the hundreds digit of 880?
8
What is the units digit of 1641?
1
What is the units digit of 26489?
9
What is the tens digit of 257?
5
What is the units digit of 38984?
4
What is the units digit of 91?
1
What is the hundreds digit of 2507?
5
What is the tens digit of 22097?
9
What is the tens digit of 9542?
4
What is the thousands digit of 1963?
1
What is the tens digit of 4522?
2
What is the hundreds digit of 15728?
7
What is the units digit of 55428?
8
What is the units digit of 375?
5
What is the tens digit of 4596?
9
What is the ten thousands digit of 78083?
7
What is the tens digit of 34790?
9
What is the thousands digit of 2382?
2
What is the hundreds digit of 48233?
2
What is the tens digit of 1506?
0
What is the units digit of 131?
1
What is the hundreds digit of 2240?
2
What is the thousands digit of 17458?
7
What is the units digit of 8901?
1
What is the units digit of 6?
6
What is the hundred thousands digit of 103874?
1
What is the ten thousands digit of 17519?
1
What is the tens digit of 279?
7
What is the tens digit of 579?
7
What is the hundreds digit of 29807?
8
What is the tens digit of 1226?
2
What is the tens digit of 8448?
4
What is the ten thousands digit of 20503?
2
What is the units digit of 822?
2
What is the hundreds digit of 754?
7
What is the hundreds digit of 33436?
4
What is the thousands digit of 46821?
6
What is the units digit of 29557?
7
What is the units digit of 2690?
0
What is the hundreds digit of 8299?
2
What is the hundreds digit of 1087?
0
What is the thousands digit of 24368?
4
What is the hundreds digit of 406?
4
What is the units digit of 302?
2
What is the tens digit of 138543?
4
What is the units digit of 497?
7
What is the units digit of 4487?
7
What is the tens digit of 24903?
0
What is the hundreds digit of 3645?
6
What is the units digit of 16249?
9
What is the thousands digit of 42485?
2
What is the hundreds digit of 788?
7
What is the units digit of 83493?
3
What is the units digit of 11153?
3
What is the hundreds digit of 139188?
1
What is the thousands digit of 2961?
2
What is the thousands digit of 56172?
6
What is the thousands digit of 12321?
2
What is the tens digit of 15388?
8
What is the thousands digit of 28628?
8
What is the hundreds digit of 5447?
4
What is the thousands digit of 1797?
1
What is the tens digit of 21086?
8
What is the thousands digit of 3330?
3
What is the hundreds digit of 28637?
6
What is the tens digit of 50279?
7
What is the hundreds digit of 168496?
4
What is the hundreds digit of 92442?
4
What is the ten thousands digit of 25704?
2
What is the tens digit of 25668?
6
What is the tens digit of 92565?
6
What is the units digit of 6860?
0
What is the units digit of 3983?
3
What is the units digit of 132071?
1
What is the ten thousands digit of 15092?
1
What is the units digit of 1570?
0
What is the tens digit of 285?
8
What is the tens digit of 3999?
9
What is the thousands digit of 5992?
5
What is the ten thousands digit of 26025?
2
What is the tens digit of 954?
5
What is the units digit of 22716?
6
What is the thousands digit of 4911?
4
What is the units digit of 23549?
9
What is the tens digit of 13556?
5
What is the hundreds digit of 34319?
3
What is the tens digit of 35839?
3
What is the hundreds digit of 2278?
2
What is the hundreds digit of 17299?
2
What is the hundreds digit of 37565?
5
What is the tens digit of 5401?
0
What is the thousands digit of 8563?
8
What is the ten thousands digit of 22439?
2
What is the ten thousands digit of 20040?
2
What is the units digit of 2877?
7
What is the units digit of 19398?
8
What is the tens digit of 7146?
4
What is the units digit of 66600?
0
What is the units digit of 2719?
9
What is the hundreds digit of 1370?
3
What is the units digit of 456?
6
What is the hundreds digit of 1230?
2
What is the hundreds digit of 7893?
8
What is the tens digit of 10291?
9
What is the thousands digit of 1522?
1
What is the tens digit of 112322?
2
What is the units digit of 1566?
6
What is the units digit of 24899?
9
What is the hundreds digit of 832?
8
What is the tens digit of 5143?
4
What is the units digit of 15683?
3
What is the tens digit of 29416?
1
What is the hundreds digit of 12113?
1
What is the thousands digit of 12545?
2
What is the tens digit of 19041?
4
What is the ten thousands digit of 29325?
2
What is the units digit of 2657?
7
What is the thousands digit of 11435?
1
What is the units digit of 53387?
7
What is the thousands digit of 1085?
1
What is the units digit of 1421?
1
What is the tens digit of 7774?
7
What is the tens digit of 33537?
3
What is the hundreds digit of 9157?
1
What is the units digit of 4061?
1
What is the tens digit of 17910?
1
What is the units digit of 164?
4
What is the units digit of 5504?
4
What is the tens digit of 14460?
6
What is the tens digit of 1567?
6
What is the units digit of 2638?
8
What 